8. Determine n(14).
12
Let u(k) = 3*k + 65. What is u(-22)?
-1
Let s(f) = -4*f + 25. Determine s(7).
-3
Let z(s) = 2*s**2 - 16*s - 51. Determine z(-4).
45
Let d(w) = -2*w + 11. What is d(6)?
-1
Let j(f) = -f**2 + f - 16. Give j(0).
-16
Let m(j) = -2*j**2 - j - 2. Calculate m(2).
-12
Let i(u) = -2*u**2 - 4*u + 10. Calculate i(-4).
-6
Let p(k) = -k**3 + 19*k**2 + 20*k + 2. What is p(20)?
2
Let o(t) = -t - 15. Determine o(-7).
-8
Let v(i) = -2*i**2 - 4*i - 2. Calculate v(-5).
-32
Let h(d) = 8*d - 12. Calculate h(8).
52
Let u(a) = 9*a + 43. What is u(-6)?
-11
Let u(t) = -24*t + 33. What is u(1)?
9
Let a(k) = k - 4. Give a(5).
1
Let p(q) = -4*q**2 - q + 128. What is p(0)?
128
Let i(t) = -t**3 + 15*t**2 - 19*t + 15. Give i(14).
-55
Let f(m) = -12*m + 15. Give f(1).
3
Let u(x) = 3*x - 42. Calculate u(16).
6
Let o(i) = 30*i**3 + i + 1. Determine o(-1).
-30
Let j(v) = v**2 + 7*v + 3. Give j(-8).
11
Let m(w) = w**2 + 8*w + 4. Give m(-7).
-3
Let i(t) = t**2 + 20*t + 83. Calculate i(-12).
-13
Let d(z) = 4*z + 1. What is d(-5)?
-19
Let r(q) = q**2 - 24*q - 2. Calculate r(23).
-25
Let l(p) = p**3 - 3*p**2 - 6*p - 4. What is l(4)?
-12
Let a(c) = 2*c**3 - 25*c**2 + 72*c + 3. Determine a(8).
3
Let y(n) = -25*n**2 - n + 5. Calculate y(3).
-223
Let v(y) = -2*y**3 - 43*y**2 - 196*y - 10. Determine v(-15).
5
Let j(k) = k**2 - k + 5. Give j(-4).
25
Let v(f) = 3*f**2 + 8*f - 2. What is v(-6)?
58
Let z(q) = q**3 + 53*q**2 - 51*q + 180. Determine z(-54).
18
Let a(d) = -8*d + 41. Determine a(-14).
153
Let o(d) = 3*d**2 - 82*d + 22. Give o(27).
-5
Let d(c) = 5*c**2 - c - 3. Determine d(-2).
19
Let g(z) = -6*z - 64. Give g(-10).
-4
Let v(l) = l**3 - 10*l**2 + 23*l - 27. Give v(8).
29
Let n(j) = -16*j + 66. What is n(4)?
2
Let w(x) = -x**2 + 14*x - 13. Determine w(14).
-13
Let o(n) = -10*n**3 + 3*n - 3. What is o(2)?
-77
Let u(c) = 2*c**2 + 5*c + 4. Calculate u(-4).
16
Let w(n) = 4*n**2 + 36*n - 16. Calculate w(-9).
-16
Let q(m) = -m - 7. Give q(3).
-10
Let x(j) = -j**2 + 6*j. What is x(5)?
5
Let l(m) = -m**2 - 17*m - 66. Determine l(-21).
-150
Let y(a) = -a**3 + 6*a**2 + 6*a - 4. Calculate y(5).
51
Let i(v) = 5*v + 3. Determine i(2).
13
Let a(t) = 4*t + 1. Calculate a(4).
17
Let d(u) = u**2 + 15*u + 9. Determine d(-15).
9
Let z(r) = 17*r - 35. Give z(2).
-1
Let x(f) = 3*f**2 - 8*f + 10. What is x(4)?
26
Let j(k) = k**3 + 6*k**2 - 16*k + 11. Calculate j(-8).
11
Let c(n) = -n. Calculate c(19).
-19
Let a(h) = -2*h**2 + 20*h - 6. Determine a(10).
-6
Let u(r) = -4*r**2 + 20*r + 5. What is u(5)?
5
Let x(t) = 29*t - 194. Determine x(7).
9
Let g(q) = -3*q**2 - 8*q + 3. Calculate g(-4).
-13
Let l(s) = 4*s**2 + 25*s - 12. Give l(-7).
9
Let j(s) = -s**2 + 32. Calculate j(6).
-4
Let d(s) = 3*s**2 + 23*s + 9. Determine d(-9).
45
Let n(u) = 19*u + 2. Give n(-1).
-17
Let m(s) = -s**2 - 8*s + 34. Calculate m(-11).
1
Let x(d) = -d**2 + 19*d + 19. Give x(20).
-1
Let c(m) = 9*m + 6. Calculate c(-2).
-12
Let k(g) = -g**3 + 4*g**2 + 5*g - 4. Give k(5).
-4
Let p(d) = -4*d - 26. Calculate p(-7).
2
Let v(q) = q**3 - 15*q**2 - 16*q + 17. Calculate v(16).
17
Let w(l) = -35*l + 44. What is w(3)?
-61
Let g(y) = y**3 - 34*y + 20. Give g(-6).
8
Let v(f) = 13*f + 5. What is v(-2)?
-21
Let h(y) = -y**2 + 5*y - 5. What is h(4)?
-1
Let z(h) = -h**3 + 2*h**2 - h + 4. Give z(3).
-8
Let s(b) = -21*b**2 + b + 2. Determine s(-1).
-20
Let z(o) = -3*o**2 + 21*o - 28. Determine z(5).
2
Let q(w) = w**3 + 7*w**2 - 11*w - 92. Give q(-5).
13
Let a(u) = 2*u**3 - 8*u**2 + 6*u - 3. Determine a(3).
-3
Let f(i) = i**3 + 17*i**2 - i - 18. Determine f(-17).
-1
Let z(m) = -m**2 - 3*m + 4. What is z(-5)?
-6
Let g(p) = -p**3 + 17*p**2 + 39*p - 14. Calculate g(19).
5
Let d(c) = c**3 + 2*c**2 - 4*c - 1. What is d(-4)?
-17
Let i(x) = x**2 - 7*x + 2. Calculate i(7).
2
Let h(t) = -15*t + 3. Determine h(1).
-12
Let c(b) = 10*b - 309. Give c(34).
31
Let g(f) = -f**3 - 8*f**2 - 10*f - 16. Give g(-4).
-40
Let n(m) = -44*m**2 - 1. What is n(-1)?
-45
Let i(x) = 2*x + 8. What is i(7)?
22
Let c(n) = -n**2 - 45*n - 449. What is c(-29)?
15
Let n(f) = f**3 - 8*f**2 - 5*f - 13. Calculate n(9).
23
Let k(n) = -n**3 + 6*n**2 - 2*n - 7. Determine k(5).
8
Let k(r) = r**3 + 9*r**2 + 12. Determine k(-9).
12
Let p(o) = o**2 - 6*o + 9. What is p(5)?
4
Let d(y) = -y**2 - 6*y - 2. Give d(-3).
7
Let k(s) = -2*s**2 + 12*s - 8. Give k(8).
-40
Let b(u) = u**3 - u**2 - 16*u. What is b(6)?
84
Let s(y) = 3*y - 4. Determine s(3).
5
Let f(t) = t**2 - 21*t + 17. Calculate f(20).
-3
Let x(o) = -o**2 + 10*o - 9. What is x(4)?
15
Let m(a) = a**3 + 5*a**2 - 26*a + 3. What is m(3)?
-3
Let v(p) = 4*p**2 + 4*p - 1. Determine v(2).
23
Let d(u) = -u**2 - 3*u - 1. Give d(1).
-5
Let a(q) = -q**3 + 12*q**2 - 9*q - 29. Determine a(11).
-7
Let s(l) = -7*l**3 + 3*l**2 + l - 1. What is s(-2)?
65
Let g(b) = 7*b**3 - 3*b**2 - 2*b. What is g(-2)?
-64
Let i(z) = 4*z - 5. Calculate i(5).
15
Let w(c) = c**3 - 9*c**2 + 6*c - 4. Give w(9).
50
Let y(g) = 2*g**3 + 34*g**2 - g - 10. What is y(-17)?
7
Let s(n) = 4*n**2 - 120*n - 1. Give s(30).
-1
Let b(w) = -8*w + 79. Calculate b(19).
-73
Let u(g) = -g**2 - 7*g + 102. Calculate u(-14).
4
Let v(c) = c - 18. Calculate v(8).
-10
Let t(c) = 5*c - 1. What is t(-1)?
-6
Let m(u) = 8*u**2 + 4*u + 1. Calculate m(-2).
25
Let s(j) = -j**2 + 7*j + 52. Determine s(-4).
8
Let s(r) = -4*r**2 + 2*r + 2. Give s(2).
-10
Let s(j) = j**2 - 19*j + 3. Determine s(19).
3
Let z(n) = 15*n**2 + n. Give z(-1).
14
Let g(p) = -p + 3. Determine g(6).
-3
Let j(y) = -y**2 + 5*y + 3. What is j(7)?
-11
Let r(y) = y**3 - 3*y - 1. Calculate r(-2).
-3
Let z(f) = 3*f**2 + 2*f - 1. Determine z(-2).
7
Let k(g) = g**2 - 3. Give k(0).
-3
Let x(a) = -10*a - 19. Calculate x(5).
-69
Let c(m) = m**3 + 12*m**2 + 13*m + 27. What is c(-11)?
5
Let d(b) = -2*b**2 - 3*b - 1. What is d(-3)?
-10
Let a(q) = 16*q - 1. Determine a(-4).
-65
Let u(w) = 2*w - 45. Calculate u(18).
-9
Let z(o) = o**2 - 11*o. What is z(8)?
-24
Let d(o) = -o**3 + 5*o**2. What is d(5)?
0
Let u(f) = f**2 - f - 30. Give u(12).
102
Let l(b) = -2*b**2 + 10*b + 7. Give l(6).
-5
Let k(u) = 2*u**2 + 15*u - 13. Give k(-8).
-5
Let d(x) = 5*x + 12. What is d(5)?
37
Let h(j) = j**3 - 5*j**2 - 6*j + 8. Determine h(6).
8
Let o(c) = -c**2 + 18*c - 56. What is o(12)?
16
Let d(y) = 6*y - 19. Give d(5).
11
Let d(z) = 20*z + 212. Calculate d(-11).
-8
Let a(g) = 7*g - 5. Determine a(4).
23
Let d(h) = 68*h - 10. Give d(2).
126
Let w(h) = -4*h - 14. Determine w(-8).
18
Let p(w) = 5*w**2 - 5*w - 2. Calculate p(-1).
8
Let x(w) = w**2 - 2*w - 1. Determine x(3).
2
Let p(z) = -z**3 - 7*z**2 + 5*z + 1. Calculate p(-7).
-34
Let d(i) = -6*i - 15. Give d(-8).
33
Let z(i) = -15*i - 19. Calculate z(-7).
86
Let l(b) = 40*b - 284. Determine l(7).
-4
Let o(d) = 14*d**3 - 2*d + 1. What is o(1)?
13
Let f(l) = l**3 + 7*l**2 + 2*l + 22. Give f(-7).
8
Let v(i) = -7*i - 209. Determine v(-29).
-6
Let s(x) = x**3 + 5*x**2 + 8*x + 3. Calculate s(-5).
-37
Let r(c) = 13*c**2 + c. Determine r(-1).
12
Let z(x) = -2*x**3 - x**2 + 4*x + 3. Give z(-2).
7
Let u(q) = 5*q - 44. Determine u(12).
16
Let d(u) = -20*u + 95. Calculate d(5).
-5
Let w(r) = -18*r**2 + 2*r + 2. What is w(-2)?
-74
Let w(p) = p**3 - 15*p**2 + 16*p - 11. Determine w(14).
17
Let g(f) = -2*f + 6. What is g(12)?
-18
Let i(y) = 31*y - 176. What is i(6)?
10
Let l(m) = m**2 - 5*m + 4. Give l(5).
4
Let q(i) = -17*i + 21. Give q(-6).
123
Let r(n) = -n**2 - 2*n + 1. Calculate r(-3).
-2
Let q(t) = -t**3 - 7*t**2 + 4*t + 14. Calculate q(-8).
46
Let c(j) = -3*j + 38. Determine c(12).
2
Let k(u) = -7*u + 78. What is k(12)?
-6
Let o(q) = q**2 - 28*q + 53. Give o(26).
1
Let r(j) = -j**3 - j**2 - j + 6. Calculate r(0).
6
Let t(f) = 21*f + 256. Calculate t(-11).
25
Let p(o) = -2*o**3 + 21*o**2 - 11*o + 28. What is p(10)?
18
Let i(q) = -2*q + 31. Calculate i(8).
15
Let v(d) = d**3 + 6*d**2 + 3*d + 3. Give v(-7).
-67
Let p(t) = t**3 - 14*t**2 + 49*t - 17. Give p(8).
-9
Let a(v) = -3*v**2 - 25*v - 12. Determine a(-8).
-4
Let q(i) = -i + 4. What is q(17)?
-13
Let k(g) = g**2 + 9*g + 3. Give k(-7).
-11
Let l(i) = 3*i - 24. Calculate l(7).
-3
Let n(k) = -k**3 + 11*k**2 - 11*k + 3. Give n(10).
-7
Let b(h) = h**2 - 18*h + 21. Give b(9).
-60
Let t(v) = v**3 - 3*v**2 - 6*v - 6. Give t(5).
14
Let g(y) = 16*y + 27. What is g(